.
-7
Let q(f) = -3*f**3 - 34*f**2 + 25*f - 7. Give q(-12).
-19
Let f(g) = -14*g - 7. Calculate f(9).
-133
Let o(b) = b**2 - 21*b - 303. Determine o(31).
7
Let n(k) = -51*k**2 + 5101*k - 89. Give n(100).
11
Let s(g) = 212*g + 9535. Determine s(-45).
-5
Let h(y) = -y**3 - 39*y**2 + 9*y + 354. Calculate h(-39).
3
Let z(l) = -2*l**3 + 23*l**2 - 45*l + 138. Determine z(10).
-12
Let a(i) = -i**2 - 100*i - 2412. What is a(-62)?
-56
Let n(k) = -282*k + 7898. Give n(28).
2
Let s(i) = -i**3 - 4*i**2 - 2747*i + 19775. Calculate s(7).
7
Let n(w) = -2*w**2 + 5*w + 12. Determine n(-3).
-21
Let q(j) = j**2 - 19*j - 162. Give q(25).
-12
Let u(w) = -2*w**3 + 29*w**2 + 59*w - 5. Give u(-2).
9
Let c(f) = 876*f**3 - f**2 - 8*f - 2. Determine c(-1).
-871
Let y(g) = g**3 - 41*g**2 + 79*g - 73. Determine y(39).
-34
Let q(d) = 80*d - 30. Give q(0).
-30
Let l(m) = 16*m + 223. Give l(-8).
95
Let j(s) = -s**3 - 103*s**2 + 2326*s + 948. Determine j(-122).
-28
Let s(z) = z**3 + 4*z**2 - 35*z + 45. Determine s(0).
45
Let q(d) = d**2 + 87*d + 1529. Calculate q(-62).
-21
Let j(i) = 2*i**3 + 50*i**2 + 12*i - 3276. Calculate j(-21).
0
Let y(g) = -3066*g - 4. Calculate y(0).
-4
Let p(x) = 15*x + 355. Give p(-27).
-50
Let s(u) = 51*u**3 + 2653*u**2 + 53*u + 62. Determine s(-52).
10
Let y(b) = -b**2 - 34*b - 186. Calculate y(-6).
-18
Let p(d) = 689*d + 1171. Give p(-2).
-207
Let z(g) = -99603*g - 99604. Determine z(-1).
-1
Let f(z) = 66*z - 8122. Determine f(123).
-4
Let m(g) = -40*g**2 + 48*g + 340. Give m(-6).
-1388
Let u(q) = 3*q**2 + 25*q + 2. Determine u(-12).
134
Let j(h) = -h**3 - 41*h**2 - 48*h - 341. Give j(-40).
-21
Let t(u) = -u**3 - 14*u**2 - 33*u - 129. Calculate t(-12).
-21
Let a(s) = -s**3 + 15*s**2 - 26*s + 35. What is a(14)?
-133
Let o(p) = 2*p**3 - 10*p**2 - 30*p - 41. What is o(-4)?
-209
Let u(s) = 363*s + 4700. What is u(-14)?
-382
Let i(p) = -337*p - 1107. Give i(-3).
-96
Let v(t) = -t**2 - 43*t + 184. Determine v(4).
-4
Let q(d) = 41*d**2 - 321*d - 66. What is q(8)?
-10
Let q(b) = b**3 - 42*b**2 - 94*b + 213. What is q(44)?
-51
Let n(d) = 10*d**2 - 82*d + 156. Calculate n(4).
-12
Let y(v) = v**2 + 68*v - 613. What is y(-76)?
-5
Let q(m) = m**3 - 2*m**2 + 15*m - 67. Give q(4).
25
Let o(f) = -f**2 - 23*f + 30. Calculate o(-18).
120
Let d(n) = n**3 - 17*n**2 - 106*n - 92. Give d(22).
-4
Let m(t) = 62*t - 66. Give m(2).
58
Let u(g) = -18*g**2 - 1716*g - 581. Give u(-95).
-11
Let k(r) = -r**3 + 15*r**2 + 60*r + 42. Determine k(-2).
-10
Let t(b) = 32*b - 310. What is t(10)?
10
Let d(z) = -12*z**3 - 155*z**2 + 20*z + 57. What is d(-13)?
-34
Let t(h) = -1881*h - 1878. Give t(-1).
3
Let u(v) = v**2 - 32*v + 211. Determine u(18).
-41
Let l(b) = 10*b**2 + 157*b + 16. Calculate l(-15).
-89
Let a(w) = 4*w**3 + 28*w**2 - 62*w + 7. What is a(2)?
27
Let t(l) = -190*l + 32106. What is t(169)?
-4
Let d(c) = 6*c**3 + c**2 - 6*c + 4. Give d(-3).
-131
Let b(i) = i**2 - 45*i - 159. Give b(38).
-425
Let n(s) = -311*s - 74061. What is n(-238)?
-43
Let q(r) = -73*r - 587. Give q(-8).
-3
Let r(h) = -h**2 - 245*h + 2044. Determine r(8).
20
Let a(i) = -78*i**2 + 108*i + 334. What is a(-3)?
-692
Let r(y) = -y**3 + 8*y**2 + 40*y + 20. Determine r(-3).
-1
Let k(r) = 3*r**2 - 9*r - 297. Give k(15).
243
Let o(f) = -5*f**2 - 41*f - 19. Give o(-6).
47
Let h(r) = r**2 + 42*r + 140. What is h(-3)?
23
Let p(b) = b**2 + 27*b - 41. What is p(-27)?
-41
Let n(o) = -5*o + 329. Calculate n(-47).
564
Let x(s) = 18*s - 303. Give x(18).
21
Let y(w) = -w**2 - 1482*w - 3. Calculate y(0).
-3
Let x(h) = 2*h**3 - 132*h**2 - 279*h + 477. What is x(68)?
1
Let y(a) = a**3 - 53*a**2 + 58*a - 371. Calculate y(52).
-59
Let z(q) = 84*q + 2421. Give z(-28).
69
Let q(d) = 8*d**2 - 88*d + 6. Give q(11).
6
Let a(b) = b**2 - 53*b + 619. Determine a(17).
7
Let q(t) = -1286*t - 11577. Calculate q(-9).
-3
Let v(k) = -k**2 - 231*k - 30. Determine v(0).
-30
Let h(q) = 2*q**2 - 61*q + 218. Give h(4).
6
Let d(n) = 126*n**2 + 11*n + 7. What is d(-1)?
122
Let z(j) = -28*j**2 + 7*j + 19. What is z(-2)?
-107
Let g(b) = -b**2 - 65*b - 664. What is g(-52)?
12
Let y(c) = 643*c - 15428. Determine y(24).
4
Let y(q) = -q**3 + 14*q**2 - 2*q + 3. What is y(11)?
344
Let y(m) = -19986*m + 79951. What is y(4)?
7
Let q(m) = 5*m**2 + 3*m + 88. Give q(0).
88
Let t(i) = -i**2 + 50*i - 284. Determine t(6).
-20
Let a(y) = -190*y - 314. Determine a(-3).
256
Let l(g) = -g**2 + 74*g - 1327. Determine l(34).
33
Let b(d) = d - 455. Determine b(9).
-446
Let g(x) = 35*x**3 - x**2. Calculate g(2).
276
Let z(p) = 7*p + 277. What is z(-39)?
4
Let s(b) = 3*b + 125. Determine s(-6).
107
Let o(i) = 3094*i - 8. Give o(0).
-8
Let v(o) = -42507*o + 297546. Give v(7).
-3
Let w(v) = -3015*v - 84416. What is w(-28)?
4
Let u(r) = -14505*r + 43511. Determine u(3).
-4
Let j(d) = -7*d**2 - 182*d - 233. Calculate j(-26).
-233
Let t(z) = z**3 + 3*z**2 + 6. Give t(-3).
6
Let p(y) = -2471*y + 9837. Give p(4).
-47
Let a(t) = t**3 + 2*t**2 + 79*t + 351. Calculate a(-4).
3
Let q(p) = -p**3 + 26*p**2 + 17*p + 48. Give q(27).
-222
Let g(z) = 7*z**2 + 20*z + 16. Calculate g(-2).
4
Let d(i) = -i**3 - 92*i**2 - 266*i + 35. Determine d(-89).
-54
Let b(h) = -124*h**2 - h - 153. What is b(0)?
-153
Let c(p) = 20*p + 49. Give c(-2).
9
Let h(m) = -3*m**3 - 176*m**2 - 284*m + 57. What is h(-57)?
0
Let x(r) = 4*r**2 - 18*r - 102. Determine x(7).
-32
Let o(n) = -25*n**3 + 3*n**2 - 61*n - 63. Determine o(-1).
26
Let r(w) = -w**3 + 13*w**2 - 36*w + 21. Determine r(9).
21
Let k(c) = -100*c**2 + 696*c - 5. Determine k(7).
-33
Let v(g) = -2*g**3 - 58*g**2 + 255*g + 5. Determine v(-33).
302
Let v(d) = -d**2 - 1466*d - 152896. Calculate v(-113).
-7
Let j(i) = 2*i**2 - 249*i - 4888. Calculate j(142).
82
Let d(b) = -b**3 + 23*b**2 - 91*b - 28. What is d(18)?
-46
Let a(z) = -2*z**2 + 161*z - 2192. What is a(63)?
13
Let v(m) = m**3 - 3*m**2 - 23*m - 34. Give v(7).
1
Let c(q) = -5*q**2 - 20*q - 37. What is c(-7)?
-142
Let x(t) = 764*t**2 + 3823*t - 9. Determine x(-5).
-24
Let s(z) = 2*z**3 - 3*z**2 - 9*z + 21. What is s(-3)?
-33
Let m(q) = q**3 - 11*q**2 - 780*q - 68. Give m(34).
0
Let p(f) = f**3 + 45*f**2 - 255*f + 17. Calculate p(5).
-8
Let x(a) = -13*a**2 - 30*a + 235. Determine x(4).
-93
Let u(t) = 38*t**3 + 15*t**2 + 7*t + 6. What is u(-2)?
-252
Let g(x) = -29*x + 4361. Determine g(153).
-76
Let h(f) = f**3 - 37*f**2 - 38*f - 33. What is h(38)?
-33
Let z(t) = t**2 + 40*t - 286. Give z(6).
-10
Let z(l) = 570*l - 16527. Calculate z(29).
3
Let q(i) = i**3 - 224*i**2 + 1090*i + 11. Give q(5).
-14
Let j(d) = 2*d**3 + 8*d**2 + 17*d + 63. What is j(-4)?
-5
Let t(y) = -210*y + 895. What is t(4)?
55
Let o(j) = 5728*j - 57278. Determine o(10).
2
Let k(v) = -14*v + 682. Give k(49).
-4
Let b(k) = k**2 - 65*k - 131. Determine b(-2).
3
Let k(p) = -2*p**2 + 54*p + 4155. Calculate k(-34).
7
Let i(q) = -q**3 - 27*q**2 + 420*q - 66. Give i(-38).
-142
Let a(u) = 57*u + 18. Calculate a(-1).
-39
Let i(a) = -10*a**2 + 58*a + 78. What is i(7)?
-6
Let w(k) = -k**3 + 11*k**2 - 21*k + 27. What is w(9)?
0
Let g(o) = -o**2 - 3*o + 68. Give g(9).
-40
Let a(r) = -314*r + 13185. What is a(42)?
-3
Let t(s) = -201*s - 2491. Determine t(-13).
122
Let d(y) = -115*y - 1030. Give d(-9).
5
Let q(d) = 9*d + 32. Calculate q(15).
167
Let r(l) = 130*l + 1436. Calculate r(-11).
6
Let k(d) = -56*d + 82. What is k(-6)?
418
Let d(p) = 2*p**2 - 32*p + 53. Calculate d(15).
23
Let d(f) = -155*f + 4039. Give d(26).
9
Let r(t) = -t**2 - 43*t - 78. What is r(-43)?
-78
Let z(h) = -10*h**2 + 3*h + 188. Determine z(5).
-47
Let b(u) = 3325*u - 256032. Determine b(77).
-7
Let g(s) = -100*s + 4331. Calculate g(43).
31
Let z(c) = 6*c**2 - 16*c + 25. Determine z(-5).
255
Let z(v) = -8*v**3 + 3*v**2 + 4*v - 14. Give z(3).
-191
Let d(i) = -18*i**3 + 4*i**2 - 9*i + 28. Calculate d(3).
-449
Let i(w) = 256*w - 3587. Calculate i(14).
-3
Let z(w) = w**2 + 52*w - 492. Determine z(-60).
-12
Let o(x) = x**2 - 13*x - 99. Determine o(0).
-99
Let m(h) = -h**2 + 83*h - 1411. Determine m(23).
-31
Let v(k) = 4*k**2 + 188*k - 399. What is v(-49)?
-7
Let k(p) = -2*p**2 - 144*p - 143. Calculate k(-71).
-1
Let b(s) = -46*s**3 - s**2 + 3*s + 3. Give b(-1).
45
Let u(x) = x**3 - 3*x**2 - 18*x + 34. Determine u(6).
34
Let w(a) = -a**3 + 7*a**2 - 14*a + 19. Calculate w(5).
-1